{"id":2,"date":"2018-06-06T14:05:55","date_gmt":"2018-06-06T11:05:55","guid":{"rendered":"http:\/\/aygunaydinlatma.com.tr\/?page_id=2"},"modified":"2019-04-09T13:29:57","modified_gmt":"2019-04-09T10:29:57","slug":"ornek-sayfa","status":"publish","type":"page","link":"http:\/\/aygunaydinlatma.com.tr\/index.php\/ornek-sayfa\/","title":{"rendered":"Kataloglar\u0131m\u0131z"},"content":{"rendered":"<p><a href=\"http:\/\/aygunaydinlatma.com.tr\/wp-content\/uploads\/2018\/09\/AYG\u00dcN-KATALOK-1.pdf\">AYG\u00dcN KATALOK 1<\/a><\/p>\n<p><a href=\"http:\/\/aygunaydinlatma.com.tr\/wp-content\/uploads\/2018\/09\/AYG\u00dcN-KATALOK-2.pdf\">AYG\u00dcN KATALOK 2<\/a><\/p>\n<p><a href=\"http:\/\/aygunaydinlatma.com.tr\/wp-content\/uploads\/2018\/09\/AYG\u00dcN-KATALOK-3.pdf\">AYG\u00dcN KATALOK 3<\/a><\/p>\n<p><a href=\"http:\/\/aygunaydinlatma.com.tr\/wp-content\/uploads\/2018\/09\/AYG\u00dcN-KATALOK-4.pdf\">AYG\u00dcN KATALOK 4<\/a><\/p>\n<p><a href=\"http:\/\/aygunaydinlatma.com.tr\/wp-content\/uploads\/2018\/09\/AYG\u00dcN-KATALOK-5.pdf\">AYG\u00dcN KATALOK 5<\/a><\/p>\n","protected":false},"excerpt":{"rendered":"<p>AYG\u00dcN KATALOK 1 AYG\u00dcN KATALOK 2 AYG\u00dcN KATALOK 3 AYG\u00dcN KATALOK 4 AYG\u00dcN KATALOK 5<\/p>\n","protected":false},"author":1,"featured_media":4345,"parent":0,"menu_order":0,"comment_status":"open","ping_status":"closed","template":"templates\/template-fullwidth.php","meta":[],"_links":{"self":[{"href":"http:\/\/aygunaydinlatma.com.tr\/index.php\/wp-json\/wp\/v2\/pages\/2"}],"collection":[{"href":"http:\/\/aygunaydinlatma.com.tr\/index.php\/wp-json\/wp\/v2\/pages"}],"about":[{"href":"http:\/\/aygunaydinlatma.com.tr\/index.php\/wp-json\/wp\/v2\/types\/page"}],"author":[{"embeddable":true,"href":"http:\/\/aygunaydinlatma.com.tr\/index.php\/wp-json\/wp\/v2\/users\/1"}],"replies":[{"embeddable":true,"href":"http:\/\/aygunaydinlatma.com.tr\/index.php\/wp-json\/wp\/v2\/comments?post=2"}],"version-history":[{"count":4,"href":"http:\/\/aygunaydinlatma.com.tr\/index.php\/wp-json\/wp\/v2\/pages\/2\/revisions"}],"predecessor-version":[{"id":4346,"href":"http:\/\/aygunaydinlatma.com.tr\/index.php\/wp-json\/wp\/v2\/pages\/2\/revisions\/4346"}],"wp:featuredmedia":[{"embeddable":true,"href":"http:\/\/aygunaydinlatma.com.tr\/index.php\/wp-json\/wp\/v2\/media\/4345"}],"wp:attachment":[{"href":"http:\/\/aygunaydinlatma.com.tr\/index.php\/wp-json\/wp\/v2\/media?parent=2"}],"curies":[{"name":"wp","href":"https:\/\/api.w.org\/{rel}","templated":true}]}}